 -22 + (11 - (-16 + 9))?
-4
What is the value of -8 + -1 + 18 + -2 - 18?
-11
3 - (-3 + (-4 - (-2 - 1)) - -4)
3
20 + -31 - ((3 - 4) + -3)
-7
8 + -5 + -3 + (8 - (25 + 8))
-25
Evaluate (2 - -2 - -6) + 11 + -27 + -13.
-19
0 + -2 + 5 + (48 - (13 + 60))
-22
-12 - (-2 - -7 - (8 + 5 - 8))
-12
Evaluate 10 + -9 + -4 + 2 - (6 - -2).
-9
Evaluate (2 - (0 - -10)) + 88 + 3 + -46.
37
Calculate -201 + 223 - (1 + 15).
6
What is the value of 0 - -4 - 6 - (-9 - -19)?
-12
-3 - (-12 - -5) - 18 - -42
28
Evaluate (-1 - 0) + -19 + (-1 - -13).
-8
What is 19 + (-120 + 127 - (-2 - -15))?
13
-24 + -2 + (-6 - -13) - -8
-11
Evaluate 468 + -454 + -13 + -2.
-1
What is 26 + 1 - (28 - (1 + (18 - 1)))?
17
What is (-9 - 2) + (49 - 63) + 5 + 1?
-19
8 + (-1 - 13) + (-141 - -134)
-13
Calculate 52 + -39 - (-11 + (10 - -47)).
-33
What is the value of -202 + 198 + (12 - 1) - -2?
9
What is 4 + -2 - -3 - (12 + -4 - -2)?
-5
Evaluate -13 + 1 + 2 - -8.
-2
(5 - 0) + (805 - 796)
14
Calculate (-15 + 2 - (16 - 28)) + -22.
-23
What is the value of 3 + (-6 - -4) - (30 + (8 - 14))?
-23
Evaluate (-16 - -24 - (1 - -15)) + 5.
-3
-7 - -8 - 7 - (8 + 4) - -6
-12
Evaluate -1 + (-3 + (-2 - 1) - -3) + 6.
2
What is (-15 - -32) + 11 + -32?
-4
1 + -8 + 4 + 10
7
Evaluate 33 - (18 - (-18 + 17)).
14
What is -6 - (76 + -79 - (-2 + 4))?
-1
What is 4 - (12 + 10 + 3 - 13)?
-8
Calculate (-30 + 31 - (0 + -4)) + (-1 - 17).
-13
What is (-3 - (-15 - -15)) + 21?
18
8 + (5 + 0 + -15 - (7 - 7))
-2
What is the value of 18 + (33 + -32 + 7 + 0 - 13)?
13
Calculate -14 + 1 + 8 - (-3 + -3).
1
Evaluate 962 - 964 - (1 + -5).
2
What is -3 - 1 - (-2 - 20 - (-8 - -3))?
13
What is 4 - (-2 - -5 - (-11 - -14)) - -1?
5
What is -14 - (4 + (0 - (2 + -1)) - 7)?
-10
What is 17 + (-11 - (-12 + 2)) - (1 - 6)?
21
Calculate -3 + 3 + (2 - -9 - 1) - 0.
10
Evaluate 5 - (-8 + (0 + 0 - -7)).
6
22 + -7 + 15 - 30
0
What is (4 + 4 - (0 + -5)) + -5?
8
(22 - 18) + (0 - -6)
10
Evaluate -5 + (-22 - -29) - (12 - 0).
-10
What is the value of 56 + -50 + (-2 - -2 - (3 - -3))?
0
What is (0 - 8) + 497 + -511?
-22
What is -4 - 16 - (11 - 28)?
-3
Evaluate 1 + -5 - (7 - (19 + -1)).
7
What is (17 - 2) + (-167 - -149)?
-3
Calculate -49 + 28 - (-54 + -1).
34
-34 - (-64 + 37) - -22
15
Evaluate (-24 - -8) + -76 + 75.
-17
What is the value of -8 + 2 + 23 + (9 - 18)?
8
What is the value of 4 - -9 - (84 + -71)?
0
Calculate -4 + (-85 - -76) + (0 - (2 - -4)).
-19
Calculate (36 - (22 + -1)) + 1.
16
Calculate 22 - 1 - (377 + -368).
12
Evaluate (5 + (4 - 13) - 1) + (11 - -7).
13
Evaluate 0 - 0 - -8 - (1277 - 1269).
0
What is the value of 14 - (-2 + 7 + (-2 + 1 - 0))?
10
(4 - 1) + -6 + (-29 - -27)
-5
Calculate 12 + -19 + (2 - -2) - (4 + 0).
-7
What is 6 + (7 - 8) + -10 + 15?
10
What is the value of 9 + (0 - (22 + -6)) - (-2 + 2)?
-7
What is 2 + -7 + 16 - (27 - -1)?
-17
Calculate (-7 + -20 - 13 - -17) + -2.
-25
What is the value of (-8 - -15) + 6 - (-3 - 3)?
19
1 - (-13 - (-9 + -8)) - (1 - -1)
-5
What is the value of (2 - -1) + (22 - 26)?
-1
4 - (2 + -18 + 12 + (2 - 6))
12
What is the value of 6 + (-4 - (1 + -1)) + 2 + -5?
-1
What is the value of (10 - 2) + -50 + 64 + 9?
31
What is (-6 - (0 + -7)) + -1 - (-2 + -5)?
7
What is the value of 1 - 3 - (14 - (21 - 11)) - -12?
6
Evaluate (1 - 6) + 0 + -17 + 1 - 9.
-30
Calculate 53 + -18 - (-3 - -19).
19
Evaluate -3 + 16 + (-10 - 8 - -6).
1
(-1 - (-32 + 20)) + 1
12
18 + ((-17 - -8) + -5 - -7)
11
(0 - -2) + -6 + (-40 - -53) + -20
-11
What is the value of (-16 + 9 - -10) + -4 + (-2 - -6)?
3
-14 + 30 + (-18 - -10)
8
What is the value of 10 - 2 - (20 - (-6 + 20))?
2
What is the value of 1 + (0 - 3) + 344 + -349?
-7
What is the value of -19 - (-41 + (-41 - -50))?
13
Evaluate 1 - 12 - (57 + -131 + 73).
-10
Calculate (15 - (16 + -1)) + -17.
-17
What is the value of -20 + 2 + 137 + -108?
11
8 - (5 + 9 + -9 + 8)
-5
Evaluate -39 + 0 - (-783 - -770).
-26
What is the value of (4 - 7 - 5) + 1 + 3 + 1?
-3
42 + -44 + (3 - -4) + 2
7
Evaluate (64 - (-8 - -43)) + -21.
8
14 + -1 + -4 + -17 + 1
-7
(-5 - -1 - -11) + (-3 + 4 - -3)
11
What is 16 - 5 - (-11 + 11 + 15 - 19)?
15
Evaluate -8 + 4 + (8 - 7) + 0 + -5.
-8
Evaluate 95 + -89 + 2 + -18.
-10
What is 0 + 3 + 1 + -2 + 38 + -53?
-13
Calculate (-20 - -9) + -10 - (-8 + 4).
-17
Evaluate (-3 - -37) + -3 + 7 + 8 + -18.
28
What is the value of 3 - ((99 - 112) + 2 + (5 - -1))?
8
Calculate 20 - (2 - (17 - 17)).
18
8 + -36 - -7 - -35
14
(17 - (-58 + 29)) + -26
20
Calculate 14 + -15 - 7 - 3.
-11
What is 14 + -24 + 7 + (-16 - 3)?
-22
Calculate 30 - (0 - (-7 - (6 + 7 + -10))).
20
-2 + (31 - (5 - -13))
11
Calculate -2 - (11 + (-17 - (18 + -10))).
12
28 + (-12 + (-1 - -18) - 12)
21
What is 7 + -6 + (15 - 12 - (-1 + 2))?
3
Calculate -8 - ((10 - -6) + -10).
-14
Calculate 8 - (-1 - (-6 + -9 + 4 + 6)).
4
Evaluate 12 + -1 - (-3 + 4) - -10.
20
(-4 + -5 - -6) + 9 + (-7 - -1)
0
-4 + 9 + (-1 - -6) + 2 + 4
16
What is -2 + 17 + 3 - (-61 + 61)?
18
What is -11 - (13 + -7 + (2 - 12))?
-7
-8 + -12 - -11 - (2 - 12)
1
What is the value of -12 + (30 - -11 - 29)?
0
Evaluate 3 + 27 - (2 + (4 - 5) + 7).
22
What is the value of 8 - (-12 + 11 + -2)?
11
What is (21 + -15 - (-3 + 7)) + -15?
-13
What is -36 - -40 - (2 + 1 + -3 + 3)?
1
Evaluate 78 + -71 + (-10 - 2) - (-12 + 0).
7
-30 + 21 + 34 + -29
-4
Calculate -10 + -1 - (-6 + 46 + -64).
13
Evaluate (-18 - (-3 - 17)) + -4.
-2
What is the value of -1 + (0 - -8) - (-1258 + 1258)?
7
What is the value of -40 + -3 + 77 - 32?
2
Evaluate (1 + -22 - (20 + -18)) + -92 + 99.
-16
Calculate -31 + (-2 + 2 + 11 - 0).
-20
What is the value of 4 - (6 + (3 - 16))?
11
What is -19 + 0 + (30 + -18 - -16)?
9
(-8 + 7 - -15) + -1 + -14
-1
What is 0 + 19 - (3 - (-43 + 44))?
17
Calculate 12 + 34 + -57 - (29 - 0).
-40
What is -98 + 103 - (19 - -2)?
-16
(-8 - -40) + -9 - 4 - (-2 + 3)
18
What is (3 + -1 - (244 - 248)) + -33?
-27
What is the value of 14 - (16 + 5 + -11)?
4
(28 - (2 - -35)) + 2
-7
What is 23 - 8 - (-8 + 29)?
-6
Calculate -2 + (1 - (0 + 0)) + -245 + 251.
5
What is the value of (60 - 53) + (-9 - 0) + -4?
-6
Calculate 87 - 104 - (3 - 3).
-17
Calculate (-31 - -64) + (-5 - 9 - 3).
16
Evaluate 42 + 20 + -49 + -22.
-9
What is 12 + (-11 - -4) + -12 - -23?
16
What is -10 - (-5 - -6 - (-2 + 7 + -10))?
-16
-18 + -7 + -16 + (31 - 8)
-18
Evaluate (12 - (-14 - -23) - 3) + -10.
-10
Calculate -1 - 14 - (-3 + 1 - (35 + -34)).
-12
Evaluate (-47 - -33 - 0) + (28 - 6).
8
Evaluate -23 + -1 + 1082 + -1035.
23
Calculate -629 + 654 + -38 + 0.
-13
Evaluate 7 + (25 + -24 - 23).
-15
What is the value of (-21 - -13) + 30 - 35?
-13
Evaluate (4 - (12 - 10)) + (-1 - -7).
8
What is the value of (11 - (-14 + 9 - -9)) + 10?
17
Evaluate 7 - 1 - ((-15 - -36) + -19).
4
9 + -13 + -3 + (-2 - 2)
-11
Evaluate 12 + (8 - 3) + -24.
-7
0 + -1 + -12 + 5 + -4
-12
What is the value of 0 + 4 + (-34 - -20)?
-10
Calculate -2 + -9 - (87 - 90).
-8
Evaluate -8 + 20 - ((14 - (8 - 1)) + 3).
2
-2 + 14 - 8 - (2 - 24)
26
((-9 - -1) + (38 - 47) - 1) + 8
-10
6 + 1 + (14 - 11 - 9) + 3
4
Calculate -7 + (11 + -2 - 4) + 0 + -4.
-6
-6 + 1 + (-1 - ((5 - 7) + -10))
6
Evaluate -8 + 12 + 1 + -10 - (15 - 0).
-20
What is the value of 5 + (-22 + 23 - (0 + 1))?
5
32 + -11 + -10 + -2
9
What is 1 - (-11 + (11 + -3 - -1))?
3
What is the value of (4 - 6) + -7 + (4 - 0)?
-5
Calculate 0 + 6 - (2 + 2 - (-7 + 7)).
2
What is the value of 7 + 0 + (-204 - -184)?
-13
-705 + 650 + -2 + 32
-25
What is 2 - (8 + -6 - 11 - (-4 - 0))?
7
Evaluate (8 + -5 - (56 + -45)) + (-2 - 0).
-10
What is the value of -42 + (16 - 1 - -8)?
-19
What is -23 + (-16 + (16 - 6) - (-3 + -13))?
-13
Evaluate -176 - -178 - (-3 - 1).
6
What is the value of -7 - 3 - -17 - (15 + -3)?
-5
-2057 + 2086 - ((0 - 0) + 2 - 0)
27
What is the value of (14 + (4 - 10) - (-10 + 2)) + 0?
16
What is the value of 15 + (-17 + -10 - 5) + 7?
-10
Calculate 6 + 10 + -9 - (2 + (1 - 1)).
5
Calculate 0 + -10 + 0 + -10 + (-17 - -26).
-11
What is (-55 - -52) + 3 + -2 - (1 - 18)?
15
Evaluate 14 - (1 - -31 - (11 - -2)).
-5
Calculate (17 - 25) + 31 + -19.
4
Calculate 28 - ((-1 - -2) + -1 - (119 + -129)).
18
What is the value of -6 + (-3 - (-21 + 13))?
-1
What is 2 + (-10 + -10 - -12) - -7?
1
What is the value of 6 + 4 + -13 + 1 + -6 + 35?
27
(-149 - -167) + (-35 - 5)
-22
What is the value of (-4 - (-20 - -16)) + -13 + 0?
-13
Calculate -20 - (-7 + (-7 -